0 - -1 - 9 - (865 - 899).
26
What is the value of (6 - (-3 + -3 + 8)) + (-22 + 0 - 0)?
-18
What is -487 - -476 - (-4 + 9 - (-43 + -3 - 1))?
-63
What is the value of 0 - 51 - ((27 - 13 - (-4 + 30)) + 10)?
-49
Calculate 18 - ((-8 + 18 - 36) + -8).
52
What is 18 - (8 - (20 + 11 + -20) - -8)?
13
(1 - -10) + (29 - (15 - -8)) + -26
-9
What is -64 + -2 - (28 + (1 + -17 - (-75 + 98)))?
-55
What is the value of -138 + 34 - (-8 - -2 - (-38 - -51))?
-85
What is the value of (-387 - -386) + -3 + 39 + 2?
37
What is -46 + (0 + 22 - (22 - 9)) + -13?
-50
Evaluate (6 - -11) + (-17 - (-77 + 31)).
46
-71 + (58 - 7) + -2 + 40
18
Calculate (-37 - 9) + 0 + -9 - (3 - 20 - -5).
-43
Calculate 146 - ((-26 + 4 + 12 - 5) + (3 - -26)).
132
Calculate (3 - 4 - (-1 + 4)) + (117 + -65 - 36).
12
(-20 + (-16 - -37) - -5) + (97 - 2)
101
0 + (10 - (29 + -3 + -10)) + -23
-29
-16 - -1 - (12 - 6)
-21
What is (-16 - -6) + (64 - (15 - 14) - 24)?
29
(-14 - -31 - (29 - 2)) + 32
22
Calculate (627 - 589) + (2 - (2 - 18)).
56
What is 0 + 5 + -2 + 5 - (289 - 292)?
11
Calculate (28 - (-18 - -31)) + (29 - 2).
42
-3 + -169 + (-7339 - -7421)
-90
Calculate 0 + -1 + 49 + -21 + -62 + -12.
-47
Evaluate -10 + (155 - 46 - 54).
45
-1 + (3 - 23) + (-1106 - -1079)
-48
Evaluate (-9 - 1 - 2) + (43 - 18) + 9 + -7.
15
What is the value of (-188 - -192) + (13 - 6)?
11
What is (-151 - (-87 + -32)) + -1 + 63?
30
What is -23 + (-1 + -12 - -31) + -3?
-8
-158 - 6 - ((-16 - -11) + 1 + -20)
-140
-1 - (13 + -1) - (-68 - -38 - 27)
44
Evaluate -5 + 9 - 5 - 4 - -66 - (355 + -345).
51
Evaluate -146 - (-98 + (-134 - -103)).
-17
(-1 - 64) + (-35 - (-88 + 33) - 9)
-54
Evaluate (36 + -53 - (0 - 1)) + -57.
-73
What is the value of -20 + (14 - 61 - -103)?
36
(5 - 2) + -1 + -60 + 59 + -7
-6
-49 + (-189 - -217) - (0 - 60)
39
What is 13 - (20 + 0 + -321 + 323 + 21)?
-30
Evaluate 28 - (-109 + (42 + 41 - 39)).
93
Calculate 7 + 19 + -9 + (-15 - -34).
36
What is the value of ((5 - -53) + 2 - 18) + 10?
52
0 + -9 - (19 + -24 + -8) - -8
12
What is (-4 + 2 + 7 - 11) + 10 + -1?
3
Evaluate -4 + 54 - 4 - 81.
-35
Evaluate -39 + (-14 - 1) + (6 - -11).
-37
What is -10 + (7 + -14 + -8 + 18 - -14) + -116?
-109
Evaluate (-1 - 11) + 12 + -23 - (8 + 7).
-38
What is the value of (-173 - -50) + (2 - 3) - (-1 - (24 - 10))?
-109
Evaluate (-32 - (-12 + 25 + -13)) + 76.
44
49 - ((12 - 33) + 20)
50
What is -85 - (-13 - 15 - 14)?
-43
Calculate 21 + 5 + -12 - 1 - ((57 - 1) + -10).
-33
What is the value of -48 + 0 - (373 + -417)?
-4
Calculate -1249 + 1160 + 6 + 2.
-81
8 - -3 - (77 + -87) - 37
-16
-16 + 54 + 2 + -1 + 36
75
Calculate -43 - 0 - 17 - (3 - -6).
-69
-6 + -3 + 14 + (23 - 18) + -61
-51
What is the value of 23 + -63 + 129 + -87?
2
Calculate (12 + (11 - 49) - (-12 + 0)) + -14.
-28
-8 + (-9 + (-6 - (-12 - -7)) - -9)
-9
What is the value of 22 + 18 + -11 + -7?
22
Evaluate 40 + (-21 - -19 - (2 - 11 - -1)).
46
What is 25 - (0 + 5 - (34 + -40))?
14
Evaluate 17 + -2 + 3 + -5 + 42.
55
Calculate 2 + -18 - (-54 - (-4 + -47)).
-13
Calculate -10 - (58 + 94) - -75.
-87
Calculate -10 + 2 + (5 - -1) + (-5 - -12) - 33.
-28
Calculate (-12 + 1 - (6 + -28)) + -102 + -6 + -3.
-100
Calculate (-786 - -721) + (2 - (-2 - -2)) + 1 + 5.
-57
Evaluate 38 + (21 - -3 - 44 - 11).
7
Calculate 110 + (-5 - -22 - 36) + -4 + (-2 - 3).
82
What is the value of -23 + (-22 - -3 - -40) + -22?
-24
Evaluate (122 - (25 - 22 - -12)) + -10.
97
What is -30 - (-15 - 6) - (5 + (-3 - -1))?
-12
Calculate (-14 - -9) + 1 + 17 - (-36 + 29).
20
Calculate 83 + -65 - (3 - -37) - (0 - 2).
-20
What is the value of 0 + 1 + 2 + 14 - (-5607 + 5600)?
24
Evaluate (69 + -35 - 32) + (13 - -1 - 0).
16
Evaluate (25 - 2 - (56 + -44 + 0)) + (66 - -3).
80
What is the value of 9 + (-8 + -3 - ((-16 - -1 - 4) + 5))?
12
-11 + (-9 - (-13 - -19 - (-4 - -22)))
-8
Calculate 10 - (143 - (49 - -225)).
141
Calculate 20 + (11 - (-2 + -7 - -3)) + -7.
30
Calculate 75 + 0 + (1 + 3 - (20 - 3)) - -1.
63
What is 12 + (92 - (71 + -18)) + (2 - -14)?
67
-51 + 79 + -39 + 19
8
Calculate 9 - (13 + -4 + -3 - -8) - (-102 - -9).
88
Calculate -29 + (-12 - (-70 + 16)).
13
What is (22 - 0) + 26 + -22 + -6 - 128?
-108
(129 - 119) + -40 + (-2 - -3)
-29
What is the value of (8 - 16) + 25 - ((-5 - -17) + 78)?
-73
Calculate -33 + (-9 - -78 - (-176 - -192)).
20
What is 0 + -4 - -17 - (34 - 15) - (-12 + 24)?
-18
What is the value of 93 - 180 - (-30 - 6)?
-51
Calculate 20 + -40 + -17 + 42 + (0 - 62).
-57
What is the value of (-205 - -56) + 28 + 156?
35
Calculate (110 - 223) + 102 - -128.
117
Evaluate 8 - 10 - (2 - (3 - 2)) - (-8 + 31).
-26
Calculate (21 - 0) + (-101 + 44 - -6) + 103.
73
-4 - (39 + (-99 - -51))
5
5 - (-17 + -2) - (48 + (6 - 73))
43
What is 29 + 28 - 20 - -1?
38
Calculate -127 + 223 + -95 + -2 + (0 - 0) + -26.
-27
(-7 - 1 - (-803 - -799)) + (2 - -8)
6
Calculate 9 + 6 + (-2 - -2) + 26 + -22.
19
What is -8 + 7 - -119 - 1 - (2 + 2)?
113
Calculate 49 + 32 + -3 + -20.
58
(-9 - 50) + 33 + -20
-46
What is -24 - (-3 - (-19 + 28))?
-12
What is the value of 6 + 3 + (-5 - -12 - 8) + 53?
61
28 - (13 - (-36 + (-9 - -24)))
-6
What is the value of 2 + 12 + (8 - 51 - (-15 + -46))?
32
What is the value of (0 - 60) + (44 - 73) + (0 - -27)?
-62
Evaluate 66 + (-18 - -1 - (-18 + -43 + 64)).
46
Evaluate -17 + (-72 - -4) + -13 + (-1 - (10 - -4)).
-113
Calculate (-232 - -168) + 8 + -18 + 9 + -11.
-76
(33 - 3 - 4 - -1) + (20 - (-64 + 93))
18
What is ((-6 - -14 - 19) + 8 - -13) + (46 - 1)?
55
What is the value of (54 - (1 - 2) - (237 - 247) - 12) + -8?
45
Evaluate 14 - ((-3 - -2) + -8 - ((69 - -1) + -82)).
11
What is ((-14 - -8) + 1 - 8 - -17 - -37) + -3?
38
What is the value of 275 + -202 + (2 - 57)?
18
What is the value of 27 + -2 + -153 + 170?
42
(0 - 41) + 1714 + -1672
1
What is (-110 - -38) + (16 - 5) - -21?
-40
Calculate -2 + 15 - -17 - (8 - -14).
8
(2 - 14) + 3 + (71 - 38 - 73)
-49
Evaluate -32 + 15 + -15 + -10 - (0 + -6).
-36
Calculate -36 - -73 - (-1 - 8).
46
Evaluate -18 + ((-10 - -56) + 24 - -31).
83
What is -7 + 0 + -10 + 12 + -2 + 7?
0
What is 49 - (64 - 15 - -17)?
-17
-2710 + 2632 - (-2 + -41)
-35
What is the value of (46 - (8 + 41)) + 58?
55
What is the value of (3 - -17) + (-117 - -129)?
32
What is the value of 57 + (8 - (49 + -69 + -20))?
105
Evaluate 129 - (-79 - (-1 + -146)).
61
What is 1 + -45 - ((2 - 40) + (-2083 - -2108))?
-31
What is 117 + -46 + (-117 - -53)?
7
(24 + 1 - 3) + (2838 - 2900)
-40
What is 16 - (11 + (18 - 50)) - 48?
-11
-146 + 42 + 27 + 53
-24
Calculate (41 - (29 + -10)) + (-66 - 16).
-60
What is the value of 48 + -82 + 94 - 125?
-65
28 + (-95 - (-52 + 30))
-45
What is the value of -69 + (-5 + 3 - (-49 + 41 + (11 - -2)))?
-76
What is (-38 - 2) + 101 + -5?
56
What is the value of -20 - -1 - (-122 - (61 - 177)) - (-143 + -1)?
131
Evaluate -115 + 127 + (-3 - 0) + (-1 - 58).
-50
Calculate (-14 - (7 - (49 - 9))) + -9.
10
Evaluate 8 - (-4 - -1 - ((-3 - -23) + -36 + 11)).
6
-47 + 46 + -41 + 3
-39
-5 + (11 + -1 - 24) + -9 - -13
-15
(-223 - -236) + 5 + (-80 - -1)
-61
Calculate -1 + 4 - 1 - (57 - 78).
23
What is -8 + -9 + -44 - -42?
-19
What is the value of 90 - 0 - (12 + (-1 - -16 - (-382 - -413)))?
94
76 - (16 + 67) - (-31 - -4 - -4)
16
Calculate (11 - 11) + 6 + 0 - -1 - (-45 + 3).
49
What is -19 + (15 - ((10 - 15) + -12))?
13
(-62 - ((-7 - 1) + 12 + -7)) + -18 + 3
-74
(-5 + -138 - (61 - 88)) + 30
-86
1785 + -1733 + (1 - 4) - 0
49
10 + -26 + 12 - (10 + (-20 - -5))
1
What is -4 + (172 + -82 - 87)?
-1
Calculate (26 - 2) + 4 + (-23 - (-17 - 3)) + 10.
35
What is (-12 - -6 - 66) + (61 - (27 + 16))?
-54
What is -65 + (-14 - -66) + (1 - -2) + 89?
79
Calculate 678 + -650 - (0 + 73).
-45
Calculate 17 + -8 + -8 + 9 + 28.
38
What is the value of -178 - -226 - (-23 + -28)?
99
(-11 - 3) + 2 + -1 + -158 + 177 + -62
-56
Calculate -617 + 577 - (-1 - -10 - 13).
-36
What is the value of -51 - ((-107 - -99) + (6 - (0 + -4)))?
-53
Calculate -24 + 3 + 56 + (-1 - -74).
108
0 + 10 - (-52 + 57) - (-10 + 3)
12
Calculate 59 + (-36 - -11 - 7) + 34.
61
Calculate -1 + (-1 - 0) - (-27 - (-39 + 8)).
-6
What is the value of (-536 - -446) + 72 - (1 - (-2 - (-1 - -1)))?
-21
Evaluate -32 - 3 - (-17 + 48) - -19.
-47
What is 3 + 0 + 0 + (-18 + -1 - -25)?
9
(23 - 18) + -9 - (54 - (-2 + 1))
-59
21 - (132 + -117 + 9 + -1)
-2
Calculate -2 + -28 + -1002 + 996.
-36
What is 27 